is the ten millions digit of 4650120294?
5
What is the tens digit of 1203088765?
6
What is the hundred thousands digit of 114164070?
1
What is the hundreds digit of 2880252133?
1
What is the ten thousands digit of 150677619?
7
What is the millions digit of 11103130?
1
What is the millions digit of 315036481?
5
What is the tens digit of 19888357?
5
What is the ten thousands digit of 22047786?
4
What is the hundred millions digit of 516513328?
5
What is the thousands digit of 1195436602?
6
What is the hundred millions digit of 214654495?
2
What is the units digit of 1087295176?
6
What is the tens digit of 972060616?
1
What is the ten thousands digit of 57967689?
6
What is the hundred thousands digit of 81136240?
1
What is the hundred millions digit of 4780344402?
7
What is the tens digit of 160052615?
1
What is the ten thousands digit of 665717884?
1
What is the millions digit of 3655475999?
5
What is the millions digit of 917033614?
7
What is the thousands digit of 8740935?
0
What is the thousands digit of 159413880?
3
What is the thousands digit of 1169433572?
3
What is the hundreds digit of 332281936?
9
What is the hundred thousands digit of 88894969?
8
What is the millions digit of 93332380?
3
What is the ten thousands digit of 56214362?
1
What is the millions digit of 55297096?
5
What is the hundred thousands digit of 639982594?
9
What is the hundreds digit of 4314594985?
9
What is the ten millions digit of 27573216?
2
What is the millions digit of 29201619?
9
What is the units digit of 47984042?
2
What is the millions digit of 467139507?
7
What is the hundreds digit of 60666363?
3
What is the hundred millions digit of 1374163042?
3
What is the hundred millions digit of 146832050?
1
What is the billions digit of 4584961477?
4
What is the tens digit of 30791559?
5
What is the hundred thousands digit of 41631173?
6
What is the units digit of 94101609?
9
What is the hundred thousands digit of 892415645?
4
What is the millions digit of 82407549?
2
What is the ten thousands digit of 51504429?
0
What is the tens digit of 62043872?
7
What is the hundred thousands digit of 25680162?
6
What is the tens digit of 146129857?
5
What is the billions digit of 1968129901?
1
What is the ten millions digit of 95973896?
9
What is the ten thousands digit of 6932472?
3
What is the thousands digit of 45211101?
1
What is the ten thousands digit of 62683006?
8
What is the tens digit of 123217556?
5
What is the hundreds digit of 552773470?
4
What is the hundreds digit of 37951504?
5
What is the tens digit of 31628456?
5
What is the hundred thousands digit of 20073215?
0
What is the thousands digit of 119200917?
0
What is the tens digit of 9314921?
2
What is the units digit of 3005523933?
3
What is the tens digit of 2173790801?
0
What is the hundred thousands digit of 8923819?
9
What is the hundred thousands digit of 4503357237?
3
What is the ten millions digit of 69283054?
6
What is the tens digit of 319912110?
1
What is the thousands digit of 1404452?
4
What is the hundreds digit of 108226962?
9
What is the hundreds digit of 44487316?
3
What is the hundreds digit of 3842014840?
8
What is the hundred thousands digit of 20451026?
4
What is the hundred thousands digit of 43527317?
5
What is the millions digit of 3942575587?
2
What is the units digit of 121070106?
6
What is the thousands digit of 147935989?
5
What is the thousands digit of 3085078000?
8
What is the thousands digit of 275479728?
9
What is the tens digit of 2407863?
6
What is the ten millions digit of 69062406?
6
What is the hundreds digit of 592972424?
4
What is the thousands digit of 1213089412?
9
What is the thousands digit of 83441506?
1
What is the hundred millions digit of 208561689?
2
What is the hundreds digit of 73509058?
0
What is the ten thousands digit of 169032078?
3
What is the hundred thousands digit of 333776044?
7
What is the millions digit of 3495925377?
5
What is the tens digit of 389602589?
8
What is the units digit of 111044324?
4
What is the hundreds digit of 422044367?
3
What is the millions digit of 141712026?
1
What is the hundred thousands digit of 80270699?
2
What is the millions digit of 1296048484?
6
What is the ten millions digit of 3209269098?
0
What is the tens digit of 106871463?
6
What is the hundred millions digit of 2816517177?
8
What is the ten millions digit of 499206083?
9
What is the millions digit of 1271271920?
1
What is the ten thousands digit of 90371599?
7
What is the tens digit of 3300477140?
4
What is the millions digit of 104587945?
4
What is the thousands digit of 23746439?
6
What is the ten millions digit of 44489467?
4
What is the hundreds digit of 38069873?
8
What is the tens digit of 16973124?
2
What is the hundreds digit of 589618451?
4
What is the ten thousands digit of 5663771826?
7
What is the thousands digit of 24814639?
4
What is the hundreds digit of 114821915?
9
What is the hundred thousands digit of 1332217151?
2
What is the hundreds digit of 1427719077?
0
What is the billions digit of 5994398228?
5
What is the ten millions digit of 1554902231?
5
What is the thousands digit of 381963892?
3
What is the units digit of 144053248?
8
What is the tens digit of 153166777?
7
What is the hundred thousands digit of 4030029960?
0
What is the units digit of 249861564?
4
What is the hundreds digit of 452348041?
0
What is the billions digit of 5983683829?
5
What is the units digit of 27131042?
2
What is the tens digit of 2364217174?
7
What is the billions digit of 1192211158?
1
What is the tens digit of 262776073?
7
What is the tens digit of 12632948?
4
What is the thousands digit of 672768179?
8
What is the tens digit of 81603141?
4
What is the ten thousands digit of 137035176?
3
What is the ten thousands digit of 10668503?
6
What is the ten millions digit of 108952281?
0
What is the thousands digit of 6708224851?
4
What is the hundreds digit of 305786500?
5
What is the hundred millions digit of 1278112310?
2
What is the hundreds digit of 4313491710?
7
What is the hundred thousands digit of 51355586?
3
What is the millions digit of 24195663?
4
What is the ten thousands digit of 12729076?
2
What is the thousands digit of 2868545191?
5
What is the units digit of 26822584?
4
What is the thousands digit of 5594043358?
3
What is the tens digit of 4625747?
4
What is the units digit of 95743282?
2
What is the tens digit of 2365188153?
5
What is the thousands digit of 1444468177?
8
What is the ten millions digit of 545241211?
4
What is the tens digit of 82123791?
9
What is the thousands digit of 208515463?
5
What is the tens digit of 50519325?
2
What is the hundred thousands digit of 738166254?
1
What is the thousands digit of 24982223?
2
What is the millions digit of 97430582?
7
What is the millions digit of 376933492?
6
What is the hundred millions digit of 1154380158?
1
What is the millions digit of 49844394?
9
What is the thousands digit of 1488776852?
6
What is the ten millions digit of 45581321?
4
What is the hundreds digit of 28899704?
7
What is the units digit of 228954376?
6
What is the ten thousands digit of 3549983384?
8
What is the units digit of 3683115707?
7
What is the hundreds digit of 61080041?
0
What is the hundred thousands digit of 124231002?
2
What is the hundred thousands digit of 162743474?
7
What is the ten millions digit of 2344528592?
4
What is the ten millions digit of 1784109434?
8
What is the hundred millions digit of 293145710?
2
What is the ten millions digit of 343166222?
4
What is the hundred thousands digit of 2536130103?
1
What is the ten thousands digit of 25541731?
4
What is the hundreds digit of 258554197?
1
What is the ten millions digit of 58608243?
5
What is the tens digit of 4224229673?
7
What is the tens digit of 325633983?
8
What is the units digit of 137395727?
7
What is the ten millions digit of 241503866?
4
What is the millions digit of 14799228?
4
What is the units digit of 578811343?
3
What is the ten millions digit of 571447606?
7
What is the units digit of 51012988?
8
What is the units digit of 47355465?
5
What is the thousands digit of 237976625?
6
What is the millions digit of 115869476?
5
What is the units digit of 3588542575?
5
What is the millions digit of 174964344?
4
What is the hundred millions digit